4*y + x - 5*x. Suppose 3*n = -j - 7, -6*j + 9 = -y*j - n. What is the units digit of j?
2
Let j be (-15)/(-6) + (-3)/6. Suppose 2*w + 37 = y + 6, -w - 50 = -j*y. What is the tens digit of y?
2
Let g = 44 - 12. Let v = g - 11. What is the tens digit of v?
2
Let o be -2 - (3 - 3) - -2. Let j(y) = o + y**2 + 1 - 7 + 2. What is the units digit of j(-3)?
5
Suppose 5*l + 3 = -52. Let w(q) = q**3 + 12*q**2 + 9*q - 1. What is the units digit of w(l)?
1
Suppose v - 202 - 110 = 0. What is the hundreds digit of v?
3
What is the units digit of (-1)/((-4)/(-12))*-11?
3
Let x(w) = w + 1. Let d(k) = -5*k - 3. Let c(f) = 3*d(f) + 12*x(f). What is the tens digit of c(-4)?
1
Let w be (-1)/(-4) + 530/(-40). Let h = w - -19. What is the units digit of h?
6
Let n be 6 + 2 + -4 + 2. Suppose -n*q = -q. Suppose -6*f + 4*f + 6 = q. What is the units digit of f?
3
Let a(x) = 3*x**2 - 7*x + 11. Let y(k) = -4*k**2 + 10*k - 16. Let u be (-33)/5 - (-4)/(-10). Let o(t) = u*a(t) - 5*y(t). What is the units digit of o(0)?
3
Let a be 1/2*10/1. Suppose 0 = 2*v - a - 19. Suppose -23 = -5*w + v. What is the units digit of w?
7
Suppose -2*l - 3 = -3*l. What is the units digit of l?
3
Suppose u - 6*u = -10. Let k be (3/(-5))/(u/(-10)). Suppose -k*a - 10 = -8*a. What is the units digit of a?
2
Suppose 5*v + 41 = 1021. What is the units digit of v?
6
Let y = -8 - -12. Suppose -5*o + y*o = -7. What is the units digit of o?
7
Suppose -2*m - 2*f + 20 + 38 = 0, -88 = -3*m - 2*f. What is the units digit of m?
0
What is the units digit of (12/2)/((-1)/(-6))?
6
Suppose -f = -10 - 1. What is the tens digit of f?
1
Let g(y) = 0*y - 4*y**2 + 2*y - 1 + 5*y**2. Let v be g(1). Suppose -3*d - 5*o + 1 = -v*d, -20 = -3*d + 2*o. What is the units digit of d?
6
Let c = -124 + 197. Let h = -52 + c. Suppose 0 = 3*x - 4*f - h, -4*x + f - 2 = -17. What is the units digit of x?
3
Suppose 3*z + 104 = -3*k - 31, -2*z = -4*k - 156. Let g(u) = -19*u. Let r be g(-3). Let m = r + k. What is the tens digit of m?
1
Let l(a) = -a**2 - 9*a + 14. What is the tens digit of l(-8)?
2
Suppose 4*d + 4*v = 28, -d + v = -3 - 0. Suppose -d*z - 2*b = 3*b, -5*b - 50 = -5*z. Suppose -p + z = -0*p. What is the units digit of p?
5
Suppose -3*u + 526 = 5*f, -98 = f - 2*f + 3*u. What is the units digit of f?
4
Let b = 214 - 95. What is the hundreds digit of b?
1
Let j be (0 - 1)*(-1 - 2). Suppose j*r = 2*r + 3. Suppose -4*a - 18 = -r*z - 8*a, -z + 6 = a. What is the units digit of z?
6
Suppose -19*q = -21*q + 222. What is the units digit of q?
1
Let x(q) = q**3 - 4*q**2 - 5*q + 10. Let c be x(5). Let m(n) = 4*n + 5. What is the tens digit of m(c)?
4
Suppose -5*m - h = -19, 9 = -2*m + 5*h - 5. Suppose 0*y + 27 = -m*y. Let u = -6 - y. What is the units digit of u?
3
Let u(c) = c**2 - 3*c - 3. Let t be ((-2)/4)/(2/(-52)). Suppose -5*o + 7 = -t. What is the units digit of u(o)?
1
Let h = -21 - -29. Suppose 20 = h*q - 3*q. What is the units digit of (-1 + 25)*2/q?
2
Let u = 19 + 9. Let b = 4 + -2. What is the units digit of b/(-3) - u/(-6)?
4
Let m(s) = 5 - 9 + s + 0*s**2 + s**2. What is the units digit of m(7)?
2
Suppose 34 + 11 = -5*v. What is the units digit of 2 - -1*v/(-3)?
5
Suppose k - 3*n + 32 = 0, -4*k + 7*n - 112 = 3*n. Let s = -18 - k. What is the units digit of s?
8
Let v(m) = 9*m**2 + 8*m + 5. What is the units digit of v(-4)?
7
Let l(m) = m**2 - 3*m - 4. Let h be l(4). Suppose 2*f = 10, 2*x + f - 11 + 0 = h. What is the units digit of x?
3
Suppose 5*b = -k - 0*k + 174, 5*k - 190 = -5*b. What is the tens digit of b?
3
Suppose 3*m = -t + 11 - 2, -9 = -3*m + 3*t. Let l = -1 + m. Suppose -s + l*s = 5. What is the units digit of s?
5
Suppose -21 = -3*h + d, -3*h + 9 = 2*d - 3. What is the units digit of h?
6
Suppose -y = -2*y + 7. What is the units digit of y?
7
Let l(j) = -j**3 - 3*j**2 - 2*j - 1. Let w be l(-3). Suppose 0 = 5*u + w*p - 15 - 40, -10 = 2*p. What is the tens digit of u?
1
Let p(m) = 2*m**3 - 5*m**2 + 5*m - 9. What is the units digit of p(4)?
9
Let v = 51 - 15. Suppose v = -3*y + 6*y. What is the units digit of y?
2
Suppose 0*u - u + 4 = 0. Suppose -3*g - g = -2*l + 22, 3*g - 5*l = -34. Let w = u + g. What is the units digit of w?
1
Suppose -2*c + 0*l = -4*l + 12, 0 = c + 3*l - 9. Suppose -10 = -2*i - c*i. What is the units digit of i?
5
Suppose 0 = -5*b + 4*t - 28 + 108, -10 = 2*t. Let j = b - -2. Suppose 0 = -3*d + d + 2*p + 12, -5*p + j = -d. What is the units digit of d?
1
Let l be 3/1 + (1 - 0). Suppose -4*x - q = -0*x, 0 = -5*q. Suppose x = l*a + 4*n - 24, -4*a - 8 = 5*n - 35. What is the units digit of a?
3
Suppose -100 = -8*g + 3*g. What is the units digit of 2/(-4)*g/(-5)?
2
Let i(d) be the first derivative of -3/2*d**2 - 4/3*d**3 + 2 - 3/4*d**4 + 0*d. What is the units digit of i(-2)?
4
Suppose -2*m - l = m - 49, -2*m + 4*l = -14. What is the units digit of (-1)/(-3) - (-175)/m?
2
Let j = -75 - -144. Let s = j - 33. What is the units digit of s?
6
Let j(g) = 9*g**3 + 8*g**2 - 7*g - 21. Let y(t) = -5*t**3 - 4*t**2 + 3*t + 11. Let u(b) = 4*j(b) + 7*y(b). What is the units digit of u(-5)?
3
Suppose 3*m + 129 = 5*m + 5*y, -2*m + y + 147 = 0. What is the tens digit of m?
7
Suppose -4*a = -6*a + 348. What is the hundreds digit of a?
1
Let i = 926 - 1979. What is the tens digit of (-3)/(-4) + i/(-36)?
3
What is the units digit of -5 + 1 + 41 - -3?
0
Let l(s) = 3*s**2 - 2. Let v be l(2). Suppose 0 = 3*u + 2*i + 1, 5*i - v = u + 4*u. What is the tens digit of (u/(-2))/(2/48)?
1
Suppose 2*s + 4 - 6 = 0. Let p = -5 - s. What is the units digit of (-2)/p*(-6 - -18)?
4
Suppose 3*j + 4*q - 94 = 0, -3*j - q + 30 = -2*j. Suppose -j = -2*t - 0. Suppose 5*k - 22 = t. What is the units digit of k?
7
Let y be 1/(-5) + 2/10. Suppose 3*r + 9*m - 4*m = 11, 4*m + 20 = y. What is the tens digit of r?
1
Suppose 4 = p + 3*x, p - 3 - 1 = 2*x. Suppose 0 = -2*v + 6*v - p. What is the units digit of 0 + ((-3)/(-1))/v?
3
Let m(d) = -d - 2. Let y(x) = x + 6. Let i be y(-5). Let r = -7 + i. What is the units digit of m(r)?
4
Let b be (8/(-6))/((-2)/(-3)). Let h be (2 - -16)*b/(-6). Suppose -u + h = -0. What is the units digit of u?
6
What is the tens digit of (-1)/((9/(-30))/3)?
1
Suppose -5*z - 3*a + 8*a + 120 = 0, -2*z = 4*a - 48. Let i = 35 - z. Suppose -5*y = -i - 4. What is the units digit of y?
3
Let m = -25 + 49. Let p = 13 - 26. Let h = m + p. What is the tens digit of h?
1
Let l(j) = j - 1. Let k(s) = -6*s + 5. Let h(o) = -k(o) - 4*l(o). Let n be h(-1). What is the units digit of ((-30)/(-9))/((-2)/n)?
5
Let z(b) = -b. Let v be z(-4). Let q = v + -11. Let c(l) = -2*l + 3. What is the units digit of c(q)?
7
Let j(t) = -t**3 + 12*t**2 + 3*t - 5. What is the units digit of j(12)?
1
Let t(o) = -o**3 + 4*o**2 - 3*o + 1. Let k be t(2). Suppose -p + 2*p + k*z - 8 = 0, 4*z + 8 = 0. What is the units digit of p?
4
Suppose v - n + 142 = 3*v, 0 = -4*v - n + 282. What is the units digit of v?
0
What is the units digit of 3/12*0 + 4?
4
Suppose -2*c + 45 = c. What is the units digit of c?
5
Let d(l) = l**2 + 4*l - 5. Let m be d(-6). Suppose 3*h + 13 = -2. Let b = m - h. What is the units digit of b?
2
Let o(z) = 7*z + 1. What is the tens digit of o(8)?
5
Let x = 0 + 1. Suppose 2*g - 5 - x = 0. Suppose 5*m = g*l - 76, -l = -m - m - 26. What is the units digit of l?
2
Suppose -3*i + y = 47, y + 2*y = 6. Let x be (-9)/i + 7/5. Let s = 14 + x. What is the tens digit of s?
1
Suppose 56 = -y + 151. What is the tens digit of y?
9
Let s(z) be the third derivative of -z**5/60 - 3*z**4/8 + 5*z**3/3 - z**2. Let w be (1 + -2)/((-1)/(-9)). What is the tens digit of s(w)?
1
Let c be 1 + -2*2 + 3. Let r be c*(-3)/9 + -8. Let g = 10 + r. What is the units digit of g?
2
Let z(j) = j**2 - 2*j - 4. Let p be z(4). Suppose -2*y = -50 - p. Let s = y - 19. What is the units digit of s?
8
Suppose -2*a = 3*s + 15, -s - 5 = -4*a + a. Suppose -2 = 3*w - x, -4*w + 2*x - 3 - 1 = a. Suppose j = 1 - w. What is the units digit of j?
1
Let h(m) = 5*m**2 - 5*m - 6. Let l be h(6). Suppose 3*y + 0*y - l = 0. What is the tens digit of 5*(-3)/((-45)/y)?
1
Let l(z) = -4*z**2 + 5*z + 5. Let i(o) = -3*o**2 + 5*o + 6. Let y(x) = 3*i(x) - 2*l(x). Let t be y(6). What is the units digit of t - 0 - (-5 + 4)?
3
Let t be ((-12)/10)/((-4)/40). Let d be (-6)/(-1)*1/2. Suppose -d*m = m 